ided by 3.
2
Let x(j) = 2*j**2 - 4*j + 1. What is the remainder when (-3)/12 - (-81)/4 is divided by x(3)?
6
Let a = -7 - -12. What is the remainder when 13 is divided by a?
3
Suppose -32 = -2*f + 3*t + 2*t, -3*f = -5*t - 53. Calculate the remainder when 82 is divided by f.
19
Let l = 4 - 1. Suppose d = l*x, 0 = -d - 3*x - 1 + 7. Calculate the remainder when 4 is divided by d.
1
Let f = 14 - -7. Calculate the remainder when 60 is divided by f.
18
Suppose -5*d + 24 = -2*d. Let m(u) = -u**3 - 4*u**2 - 2*u + 4. Let s be m(-3). What is the remainder when d is divided by (s + 3)*1 - -1?
3
Suppose -30 = -3*c - 2*j + 58, -5*c - 3*j + 148 = 0. Calculate the remainder when 94 is divided by c.
30
Suppose -g + 3*x - 12 - 12 = 0, -3*g = 2*x + 83. Suppose 0 = 4*w - 29 - 11. Calculate the remainder when (4 + -2)/((-3)/g) is divided by w.
8
Let q = -34 + 53. Calculate the remainder when q is divided by 7.
5
Suppose -x + 2*x - 14 = 0. What is the remainder when 54 is divided by x?
12
Let p(h) = h**2 + 7*h + 20. Calculate the remainder when 96 is divided by p(-6).
12
Let g = -121 - -137. What is the remainder when g is divided by 6?
4
Let l(x) = x**3 + 8*x**2 + 5*x - 5. What is the remainder when 71 is divided by l(-6)?
34
Let s(p) = -2*p**2 - 5*p + 4. Let t be s(3). Let b be (-9)/3 - 138/(-3). Let y = b + t. Calculate the remainder when y is divided by 8.
6
Suppose 5 = 5*d, 0 = 5*i - d + 4*d - 3. Suppose 3*h - 5*h + 10 = i. Calculate the remainder when 18 is divided by h.
3
Suppose 30*a + 36 = 32*a. What is the remainder when 71 is divided by a?
17
Suppose -10 = 6*w - w. Calculate the remainder when 44 is divided by (2/w)/(2/(-30)).
14
Suppose 0 = -4*x - x - 4*k + 640, 0 = x - k - 119. Suppose -3*a - t + 15 + x = 0, -a - 3*t = -57. What is the remainder when a is divided by 16?
13
Let o(j) = -j**3 - 8*j**2 + 3*j - 8. Suppose -36 = 5*w - w. Calculate the remainder when o(w) is divided by 12.
10
Suppose n - 140 = -5*a, -238 - 484 = -5*n - 3*a. Calculate the remainder when n is divided by 21.
19
Let f(q) = q**3 + 5*q**2 - 3*q - 9. What is the remainder when 69 is divided by f(-3)?
15
Let a(s) = -3*s - 7*s - s**2 - 6 + 0*s. Let j be 4/(-16) - (-19)/(-4). Calculate the remainder when a(j) is divided by 10.
9
Suppose 0 = 3*q - 2*g - 137, 0 = q + q - g - 91. Suppose 4*o = -u - 119, 5*o - 6*u = -u - 180. Let v = o + q. What is the remainder when 26 is divided by v?
12
Let g = 32 + -14. Let d = -1 - -4. Suppose d*w + g = 90. Calculate the remainder when w is divided by 13.
11
Let q = 20 - 16. Suppose 4*i + 3*j - 204 = -78, -q = 2*j. What is the remainder when i is divided by 12?
9
Let k(c) = -c**2 - 6*c + 10. Let j be k(-7). Suppose h - 111 = -5*t - 0*h, 0 = t - j*h - 35. Calculate the remainder when t is divided by 12.
11
Suppose -37 = -4*y - y + 3*r, 0 = 4*y + 3*r - 8. Calculate the remainder when 22 is divided by y.
2
Calculate the remainder when (4/5)/((-4)/(-170)) is divided by 13.
8
Let p be (15/6)/((-1)/10). Let f = p + 56. What is the remainder when f is divided by 17?
14
Let b(a) = 2*a**2 - 11*a + 5*a - 8 - 2*a**3 + 3*a**3. Let k be b(-6). What is the remainder when 34 is divided by k/(-10) - (-4)/10?
10
Suppose 5*n = -2*r + 10, -n + 10 - 30 = -4*r. Let m be 6/(-21) - 32/(-14). What is the remainder when n/(0 - m) - -28 is divided by 10?
8
Suppose -2 = 3*t - 8. Calculate the remainder when 12 is divided by t.
0
What is the remainder when 2/(-7) + (-79)/(-7) is divided by 6?
5
Calculate the remainder when 120 is divided by 34 + -1 + 4/(-2).
27
Calculate the remainder when (-13)/(-65) + (-188)/(-10) is divided by 10.
9
Let w = -56 + 106. Calculate the remainder when w is divided by 17.
16
Let d = -5 - -10. Let v = 43 - 29. Calculate the remainder when v is divided by d.
4
Let b = 16 + -8. Let j = 7 + -4. Suppose -z = -2*z + j*y + 37, -3*y = -5*z + 125. Calculate the remainder when z is divided by b.
6
Let k(q) = q - 2. Let l be k(-13). Let v = l + 25. Let c(h) = -7*h + 3. Calculate the remainder when c(-5) is divided by v.
8
Let n = 24 - 1. Calculate the remainder when 43 is divided by n.
20
Suppose p - 68 = -5. Calculate the remainder when p is divided by 13.
11
Suppose -13*j = -3 - 166. What is the remainder when 32 is divided by j?
6
Suppose -a = -0*g + 5*g, -88 = -5*a - 3*g. Calculate the remainder when a is divided by 8.
4
Let y = 96 + -49. Calculate the remainder when y is divided by 12.
11
Let o = -29 + 41. Calculate the remainder when 22 is divided by o.
10
Suppose 5*s + 11 - 2 = 2*d, 3*s - 3 = 0. Calculate the remainder when d is divided by 2.
1
Let d(r) = -r**2 + 8*r - 9. Let z = -12 - -18. Calculate the remainder when d(z) is divided by 4*1*1/2.
1
Let v = -49 + 65. Suppose 0 = -2*c - c - 5*k + 7, 3*c + 4*k - 11 = 0. What is the remainder when v is divided by c?
7
Suppose 0*y = 3*s + 4*y - 24, 5*s - 23 = -y. Let o = -3 + s. Calculate the remainder when (3/6)/(1/4) is divided by o.
0
Suppose -q - d + 91 = 0, 4*d + 49 - 508 = -5*q. Let a = q + -64. What is the remainder when a is divided by 11?
9
Suppose 2*l - 15 = -3*l, -l = 4*m - 11. What is the remainder when (-7 - -9)*2/1 is divided by m?
0
Suppose -6*t + 3*t = 0. Suppose -x - 2 + 4 = t. Calculate the remainder when 32 is divided by 88/(-4)*(-1)/x.
10
Let p be 316/6 + 2/6. Suppose -s + 6*s - u - p = 0, 7 = s + u. Let r = 79 + -51. What is the remainder when r is divided by s?
8
Let a = 15 - -3. Let s(c) = -7*c. Let q be s(1). Let y = a + q. What is the remainder when 20 is divided by y?
9
Suppose 4*z - 9*z = -155. What is the remainder when 121 is divided by z?
28
Let n = 80 - 25. Calculate the remainder when n is divided by 15.
10
Suppose -61 = -5*y - 26. Suppose 0*q - y = -q. What is the remainder when q is divided by 4?
3
Let l be -3 + 11 - 2/2. What is the remainder when 60 - (-1 + l - 3) is divided by 20?
17
Let w be (-436)/(-18) + 10/(-45). Let a be (w/3)/(1 - -1). Suppose -z - j + a*j = -16, 3*z - 26 = -2*j. Calculate the remainder when z is divided by 6.
4
Suppose -2*z - 26 + 88 = 0. Calculate the remainder when z is divided by 17.
14
Suppose 2*y = 2*d - 16, -4*y = 4*d + y - 77. Suppose 0 = l - 4 + 2. Suppose 3*x = -v + l*x, x = -2*v + 5. Calculate the remainder when d is divided by v.
3
Suppose 68 = 3*w - 10. Calculate the remainder when 76 is divided by w.
24
Suppose 0 = 2*h - 5*h + 15. What is the remainder when 11 is divided by h?
1
Let h(j) = -4*j - 19. What is the remainder when 41 is divided by h(-7)?
5
Let n = 18 - -16. Suppose 5 = 5*j, 0*y + 4*y - 5*j = -13. What is the remainder when n is divided by (-3)/y*(-4 + 12)?
10
Let v(l) = 26*l**2 + l - 1. What is the remainder when 49 is divided by v(1)?
23
Let g(c) = c**3 - 7*c**2 + 2*c - 3. Suppose t - 10 = 5*w, 0 = -2*t + 3*w + 8 - 2. Suppose t = -m + 1 + 6. Calculate the remainder when 32 is divided by g(m).
10
Suppose -2*z = f - 3 - 5, -z = 3*f - 4. Suppose -b + 3 - 1 = f. What is the remainder when 7 is divided by b?
1
Suppose -2*y = -17 + 5. Suppose 2*g + 2*i = 78, -5*g + 168 = 2*i - y*i. What is the remainder when g is divided by 19?
17
Suppose -2*f = -3*m + 6, -2*f + 5*f = -2*m + 4. Suppose 5*z - c - 11 = 0, 0 = 4*c + m + 2. Calculate the remainder when 5 + (-2)/(-4)*0 is divided by z.
1
Suppose 2*s + 0*s = 0, 3*k = -s + 33. Calculate the remainder when k is divided by 7.
4
Suppose -3*c + 15 + 0 = 0. Suppose -c*f = -26 + 6. Suppose f*j = 12, 2*w - 61 = 2*j + 29. Calculate the remainder when w is divided by 17.
14
Let c(y) = 7*y**2 - y - 1. Let k be c(-2). Let s = k - 8. What is the remainder when 83 is divided by s?
20
Let o be 6/(-9) + (-17)/(-3). Suppose o*a - l + 18 = l, 2*a + 13 = -5*l. Calculate the remainder when 2*(-2 - a) - 2 is divided by 1.
0
Let c = 11 - 34. Let t(y) = y**3 - 9*y**2 - 2*y + 6. Let z be t(9). Let n = z - c. What is the remainder when 32 is divided by n?
10
Suppose -2*z + 0*z + 50 = 0. What is the remainder when 100/2 + ((-6)/(-6))/(-1) is divided by z?
24
Suppose -4*m + 3*m + 7 = 0. Let t(d) = d. What is the remainder when 27 is divided by t(m)?
6
Let s = -193 - -216. Calculate the remainder when 91 is divided by s.
22
Let d = 29 + -13. What is the remainder when 45 is divided by d?
13
Suppose 2 = q - 34. Suppose 2 = 2*x - q. What is the remainder when x is divided by (14/(-4))/(4/(-8))?
5
Suppose 5